0. Calculate the highest common divisor of 5400 and p.
15
Let w(j) = 33*j - 11. Let s(k) = -38*k + 12. Let q(f) = 6*s(f) + 7*w(f). Let h be q(13). Calculate the highest common factor of 289 and h.
17
Let l be (1*48/(-15))/(2/(-15)). Let g be ((-18)/(-10))/(l/160). What is the greatest common divisor of 30 and g?
6
Suppose 3*a - 5*a + 4730 = 2*w, 3 = -3*a. Calculate the greatest common divisor of 910 and w.
182
Let g(m) = m**3 - m**2 - 8*m + 46. Let c be g(3). Calculate the greatest common factor of 664 and c.
8
Suppose -15*m = 123*m - 3174. Let r(a) = 18*a**2 + 3*a + 3. Let t be r(-2). Calculate the highest common factor of t and m.
23
Let j(h) = -197*h + 196. Let y be j(-7). Calculate the greatest common factor of y and 1680.
105
Let o(b) = 13*b + 246. Let n be o(-17). Suppose -19*a = -n*a + 78. Calculate the greatest common factor of a and 1157.
13
Let a = 359 - 533. Let i = a - -197. Calculate the greatest common divisor of 161 and i.
23
Suppose 0 = -35*n + 237*n + 1531 - 5167. What is the highest common factor of 42 and n?
6
Suppose z - 3796 = -6*z - 6*z. Calculate the highest common divisor of 3431 and z.
73
Suppose -4*f - 12 = -8*f. Let q = f - 8. Let a(x) = 2*x**2 + 6*x + 2. Let k be a(q). What is the highest common factor of k and 11?
11
Let o(g) = 16*g + 5. Let i = -27 - -28. Let c be o(i). Let y = -19 + c. Calculate the greatest common factor of y and 26.
2
Let r be (-3)/(-9)*-42 + 544. Calculate the highest common factor of 954 and r.
106
Let x be (-7)/14*(-12 - -6). Suppose 41 = x*n - 64. What is the greatest common divisor of 105 and n?
35
Let x = -98 + 111. Suppose 8*f + 300 = x*f + 4*k, -k = -5. Suppose -2*z + z = -7. Calculate the highest common divisor of z and f.
7
Let o be (-60)/8*(3 + (-6202)/70). What is the highest common factor of o and 204?
6
Suppose 295 = -4*f + 35. Suppose -310 = -4*b - 2*z, -5*z = -b - 0*z + 83. Let g = f + b. What is the highest common divisor of 104 and g?
13
Let s(t) = -t**3 - 13*t**2 + 13*t - 16. Let f be s(-14). Let m be (-5 + 3 - f) + 0 + 60. What is the highest common divisor of 18 and m?
6
Let k = 1041 + -459. Let r = k + -310. Calculate the greatest common divisor of r and 34.
34
Let c = 6 + -4. Let k be c - -88 - 1 - -3. Let h = -6058 + 6081. Calculate the highest common factor of h and k.
23
Suppose -4*z + 3846 = 3*l, 21 = -z - 3*l + 987. What is the highest common divisor of 2160 and z?
240
Suppose 2*j + 4 = -b, -22 + 6 = -b + 3*j. Suppose b*f + 12 = 0, -8*m + 4*m = 5*f - 13. What is the highest common factor of m and 35?
7
Suppose -4*q + 166 = 3*k, 0*q - 56 = -k - q. Let u = -28 + k. What is the greatest common factor of u and 2?
2
Let n(m) = -2*m**3 - 223*m**2 - 178*m + 81. Let k be n(-111). What is the highest common factor of 126 and k?
42
Let h(n) = n**2 + 6*n - 7. Let r be h(-7). Suppose 5*p + g - 45 = r, 0 = g + 5. Calculate the greatest common factor of p and 85.
5
Suppose 140 = -4*j + 2*j - 2*h, -5*j = 4*h + 346. Let i = j - -68. What is the greatest common factor of 5 and i?
1
Suppose -2*o + 4*a = 41 - 105, 3*o - 4*a - 104 = 0. Calculate the highest common divisor of 15 and o.
5
Let h = 295 + -151. Let s = -112 + h. Calculate the greatest common factor of 52 and s.
4
Suppose -7*o + 92 = 8. Let t be ((-1)/(-3))/(1/o). Let v = -18 - -34. Calculate the greatest common factor of v and t.
4
Let x = -490 - -817. Suppose -x = -5*i + 318. What is the highest common divisor of i and 215?
43
Let q(l) = l**3 + 37*l**2 + 37*l + 36. Let b be q(-36). Let f = b - -14. Calculate the highest common divisor of 434 and f.
14
Suppose -9*m - 26*m + 59422 = 2*m. What is the greatest common factor of m and 1460?
146
Let m(i) = -3348*i**3 - 6*i**2 + 2. Let y be m(-1). Calculate the greatest common factor of 3553 and y.
209
Let l = -14 + 25. Let o be 2*(l + 1 + -3). Let p(g) = 2*g**2 - 15*g + 16. Let u be p(14). Calculate the highest common divisor of u and o.
18
Suppose 54 = 9*w - 1431. Let b be 3/18 - (4 + (-620)/24). Calculate the greatest common divisor of w and b.
11
Let i = -423 - -429. What is the highest common divisor of i and 585?
3
Suppose 5*a - 25 = 0, 2*b - 14 = -a - 5. Let x be (468/24)/(b/4). Calculate the greatest common divisor of x and 3.
3
Let p(v) = v**3 - 2*v**2 - 6*v + 3. Let z be p(-2). Let r be ((-3337)/235)/(z/5). What is the highest common divisor of 639 and r?
71
Let v(x) = -x**3 + 26*x**2 - 20*x + 564. Let d be v(26). Calculate the greatest common divisor of 198 and d.
22
Suppose 6*n - 140 = n. Let k be (14/n)/((-10)/12 + 1). Suppose -g + 2*y = -148, k*g - 145 = -y + 320. What is the greatest common divisor of g and 14?
14
Suppose -119*s = -70*s - 69090. What is the greatest common divisor of s and 150?
30
Let l(k) = 142*k + 14. Let c be l(3). Let t = c - 125. What is the greatest common divisor of t and 7?
7
Suppose 10*u + 22*u - 211117 = -35*u. Calculate the greatest common factor of 69 and u.
23
Let l(f) = -f**3 + 39*f**2 + 36*f + 171. Let b be l(40). What is the highest common divisor of b and 13?
1
Suppose -2*v + 96 = v. Let l = -49 - -54. Suppose -15 = -5*b + l. Calculate the greatest common factor of v and b.
4
Suppose 5*g - 2*n = 3*g + 80, -2*g + 84 = -4*n. Let b(k) = -6 - 12 - 19 + 10*k - 4 + 9. Let d be b(7). Calculate the greatest common divisor of g and d.
38
Suppose 7*c + 2*p = 2*c - 58, 0 = 3*c + 5*p + 31. Let u be (4 - -11)*4/c. Let w be 0 + 0 + (u - -42 - -5). Calculate the greatest common divisor of 21 and w.
21
Let u(y) = -19*y + 13. Let n be u(-6). Let v = -21 - 7. Let h = n + v. Calculate the greatest common divisor of h and 66.
33
Let v be (-8532)/237*9/(-27). Let n = 9 + -6. What is the greatest common factor of v and n?
3
Let x = 167 + -55. Suppose -49 = -23*j + x. Calculate the greatest common divisor of j and 63.
7
Let y(s) = -4*s**3 - 476*s**2 + 203. Let a be y(-119). Let b(q) = q**3 + 8*q**2 + 7*q - 1. Let x be b(-6). What is the greatest common divisor of a and x?
29
Let n be (-8 + 3 + 2)*(-286)/(-3). Let i = n - -297. What is the highest common divisor of i and 165?
11
Let j = -1216 + 1221. Let k be (-4 + -1)*-19*2. Suppose -4*v = -v - d - k, -4*v + j*d = -235. What is the highest common divisor of 5 and v?
5
Let o be 12/(-48) + (-2 - 13863/(-12)). Suppose 4*w - o = 1087. Calculate the highest common factor of w and 32.
16
Suppose 7*b - 1104 = -16*b. Let d be 536/b - ((-33)/18 - -2). What is the greatest common factor of 209 and d?
11
Let p be 7 + 283 + 11 - 5. Calculate the greatest common factor of p and 407.
37
Let t = -535 + 538. Suppose -2*r + 3770 = t*r. Calculate the greatest common divisor of 58 and r.
58
Let s(p) = p**2 + 2*p - 2. Let b be s(-4). Suppose b*g - g = 60. Let m be (294/(-84))/((-1)/24). What is the greatest common divisor of g and m?
12
Let p = 33 + -3. Let q(o) = 75*o**3 + 106*o**2 - 108*o + 2. Let d be q(1). What is the highest common factor of d and p?
15
Let x = 391 - -95. Suppose x = 4*k - 4*z + 2*z, 3*z + 489 = 4*k. What is the greatest common divisor of 10 and k?
10
Let h be 1 - (-45)/5 - 5. Let p(x) = -2*x + 0*x + 16*x**2 + 24*x**2 - x**2 - 1. Let s be p(-1). What is the highest common factor of s and h?
5
Suppose -46*n + 35*n - 3*k = -755, -3*n = 4*k - 225. Calculate the highest common factor of 20301 and n.
67
Let n be ((-33)/6)/(1/(-6)). Let h = 120701 - 120679. What is the greatest common factor of n and h?
11
Let v = 4017 + -4003. Let g be 4347/(-6)*(-16)/12. What is the greatest common factor of g and v?
14
Let r be ((-24)/90*-3)/((-12)/(-1170)). Calculate the highest common factor of 54 and r.
6
Suppose 416 = 5*g - 2*v, 2*g + v = -84 + 254. What is the highest common factor of 3206 and g?
14
Let v(n) = -n**2 + 73*n - 129 - 167*n + 66*n. Let s be v(-15). Calculate the highest common factor of 374 and s.
22
Let x = -29524 + 34754. Calculate the greatest common factor of x and 10.
10
Let s be (-8)/(-10) - 7944/(-120). Let c = 70 - -9. Let q = c - s. Calculate the greatest common divisor of q and 42.
6
Let u be (1 + 171)/(107/8132). What is the highest common divisor of u and 38?
38
Suppose -449*n + 501*n = 780. Calculate the highest common divisor of 93 and n.
3
Let f = -1618 + 3829. What is the highest common divisor of f and 201?
201
Suppose 30*u - 924 = 24*u. Suppose 0 = -5*w + 3*a + u, -w - 2*a + 1 + 35 =